ve a(-6).
-17
Let r(o) = -o**3 + 4*o**2 + o + 4. Give r(4).
8
Let z(k) = -14*k**3 + 2*k**2 - 3*k + 2. What is z(1)?
-13
Let w(p) = 3*p + 8. Determine w(3).
17
Let h(g) = -118*g + 6. Give h(1).
-112
Let d(y) = -14*y - 41. Calculate d(-4).
15
Let k(s) = s**2 - 21*s + 33. Give k(20).
13
Let s(w) = w**3 - 17*w**2 + 15*w + 20. Calculate s(16).
4
Let i(x) = x**3 + 21*x**2 + 39*x + 48. Calculate i(-19).
29
Let q(n) = -2*n**3 + 2*n**2 + 3*n - 3. Give q(2).
-5
Let c(w) = w**3 + 2*w**2 + 2*w + 2. What is c(-1)?
1
Let s(c) = c**2 + 17*c + 81. Determine s(-12).
21
Let r(a) = -a - 4. What is r(-13)?
9
Let t(g) = g**2 - 47*g + 547. Give t(24).
-5
Let l(k) = k**3 + 46*k**2 - 91*k + 235. Calculate l(-48).
-5
Let p(h) = -h**3 - 12*h**2 + 2*h - 119. What is p(-13)?
24
Let p(g) = 2*g - 19. Give p(2).
-15
Let x(n) = 22*n**2 - 23*n + 1. What is x(2)?
43
Let t(m) = m**2 + 21*m + 86. What is t(-6)?
-4
Let j(t) = t**2 - 2*t - 92. What is j(-9)?
7
Let h(w) = 6*w + 11. What is h(-3)?
-7
Let w(i) = 2*i - 3. Give w(-2).
-7
Let s(r) = -r**3 - 6*r**2 - 10*r - 4. Calculate s(-3).
-1
Let h(t) = t - 23. What is h(-20)?
-43
Let f(l) = -l**2 + 18*l + 485. Give f(-15).
-10
Let n(z) = -z**3 - 6*z**2 - 5*z. Determine n(-6).
30
Let b(v) = -v**3 - 8*v**2 - 15*v - 6. What is b(-6)?
12
Let i(q) = q**3 - 13*q**2 - 12*q - 17. Give i(14).
11
Let i(b) = -3*b + 7. Determine i(6).
-11
Let v(q) = 35*q**2 + 3*q + 1. What is v(-1)?
33
Let j(n) = -4*n - 10. Give j(3).
-22
Let t(z) = 2*z**2 - 5*z + 2. Calculate t(5).
27
Let k(m) = -2*m**3 - 12*m**2 + 15*m + 8. Calculate k(-7).
1
Let f(u) = -u**2 + 15*u - 1. What is f(6)?
53
Let h(s) = -2*s - 20. Determine h(2).
-24
Let g(m) = m + 10. Determine g(-5).
5
Let z(d) = -3*d**3 - 4*d**2 + 6*d + 11. Determine z(-2).
7
Let l(r) = 10*r + 250. Give l(-26).
-10
Let u(y) = -y**2 - 2*y + 1. What is u(-2)?
1
Let x(d) = -2*d**3 + 7*d - 17. What is x(3)?
-50
Let w(l) = l**3 - 4*l**2 - 6*l + 27. Calculate w(6).
63
Let i(t) = -45*t - 35. Determine i(-1).
10
Let f(c) = -12*c**2 - 2. Give f(1).
-14
Let u(r) = -r**2 + 9*r + 19. What is u(-8)?
-117
Let p(v) = v**3 - 2*v + 1. Determine p(2).
5
Let k(a) = a**2 - a - 1. Determine k(0).
-1
Let x(o) = -o - 7. What is x(10)?
-17
Let t(b) = -b - 48. Give t(-31).
-17
Let v(a) = 4*a + 26. Calculate v(-7).
-2
Let o(l) = 4*l**2 - 45*l + 5. What is o(11)?
-6
Let c(r) = r**2 - 3. Calculate c(-5).
22
Let r(a) = a**2 - 13*a - 38. What is r(16)?
10
Let g(k) = -k**3 - 2*k - 8. Calculate g(0).
-8
Let l(r) = r**3 + 8*r**2 + 7*r - 9. Calculate l(-7).
-9
Let m(u) = 5*u + 28. What is m(-8)?
-12
Let d(w) = 3*w + 24. Calculate d(-10).
-6
Let j(r) = r**3 - 5*r**2 + 6*r + 2. Calculate j(3).
2
Let a(g) = g**2 - 17*g - 2. Give a(17).
-2
Let i(n) = n**3 - 18*n**2 + n + 21. Calculate i(18).
39
Let g(b) = -b + 1. Determine g(2).
-1
Let f(d) = -2*d + 27. Give f(17).
-7
Let g(c) = c**2 + c. Calculate g(-5).
20
Let x(o) = 2*o**3 + 13*o**2 + 7*o + 7. Determine x(-5).
47
Let r(b) = b**2 + 3*b - 3. What is r(-3)?
-3
Let q(l) = -l**2 + 5*l - 10. Calculate q(4).
-6
Let h(j) = j**3 + 10*j**2 + 3*j + 15. Calculate h(-10).
-15
Let s(q) = -q**3 - 3*q**2 + 8*q + 6. Determine s(-6).
66
Let n(p) = p**2 + p - 2. What is n(0)?
-2
Let x(y) = y**3 - y + 1. Calculate x(0).
1
Let d(r) = -r**2 - 2*r + 1. Give d(-4).
-7
Let g(k) = -26*k - 71. Determine g(-3).
7
Let w(y) = -y**2 - 18. Calculate w(0).
-18
Let n(i) = i**2 - 10*i + 8. Give n(7).
-13
Let a(m) = 5*m - 74. Calculate a(15).
1
Let c(z) = -z**3 + 6*z**2 + 9*z - 2. Determine c(6).
52
Let r(p) = -2*p**2 + 9*p + 9. Calculate r(7).
-26
Let i(l) = -10*l + 116. Give i(9).
26
Let n(m) = 4*m**3 + 87*m**2 - 21*m + 26. Determine n(-22).
4
Let i(x) = -x**2 - 3*x + 4. What is i(-5)?
-6
Let r(o) = o**3 - 4*o**2 - 7*o + 2. Calculate r(5).
-8
Let k(f) = f**3 + 7*f**2 + 5*f + 40. Calculate k(-7).
5
Let m(z) = 3*z + 22. What is m(0)?
22
Let k(w) = -w**3 - w**2 + 7*w + 2. Give k(-3).
-1
Let c(b) = -2*b**2 + 3*b + 2. Determine c(2).
0
Let x(u) = -u + 14. Determine x(8).
6
Let g(q) = -q**2 - 7*q - 9. Calculate g(-5).
1
Let l(t) = -8*t**2 - 16. Give l(-4).
-144
Let t(p) = 54*p**3 + 3*p**2 + 2*p. What is t(-1)?
-53
Let k(x) = 6*x**2. Determine k(-1).
6
Let p(n) = -n - 66. What is p(-28)?
-38
Let q(f) = 36*f + 77. What is q(-2)?
5
Let w(t) = t**3 - 15*t**2 - 18*t + 24. Determine w(16).
-8
Let f(i) = 2*i - 18. Determine f(0).
-18
Let s(t) = t**2 - 9*t + 3. Determine s(8).
-5
Let f(j) = 2*j**2 + j - 2. What is f(1)?
1
Let g(w) = w**2 - 3*w + 2. Determine g(7).
30
Let o(v) = v**3 - 13*v**2 - 16*v - 29. What is o(14)?
-57
Let b(d) = -24*d + 104. What is b(7)?
-64
Let c(k) = 22*k + 4. Calculate c(3).
70
Let i(y) = 5*y + 25. Give i(-7).
-10
Let l(w) = -18*w**2 - 3*w + 5. Give l(2).
-73
Let c(s) = -5*s**2 + 2*s - 8. Give c(5).
-123
Let g(l) = -l**3 + 7*l**2 - 8*l + 11. Give g(5).
21
Let t(b) = 4*b**3 + b**2. Determine t(1).
5
Let i(r) = -18*r - 106. Give i(-6).
2
Let o(n) = n**3 + 21*n**2 - n + 52. Give o(-21).
73
Let f(y) = -y**3 + 7*y**2 - 3*y + 7. Determine f(7).
-14
Let u(x) = 8*x**2 - 4*x + 5. Give u(2).
29
Let f(z) = -z**2 + 17*z - 48. Determine f(14).
-6
Let l(k) = k**3 + 12*k**2 + 2*k + 19. Give l(-12).
-5
Let p(y) = -29*y + 348. Calculate p(13).
-29
Let t(s) = -5*s**3 - s**2 + 3*s - 1. Calculate t(1).
-4
Let k(z) = -z + 6. Calculate k(5).
1
Let p(s) = 8*s**3 + s**2 + 2*s + 12. Calculate p(0).
12
Let o(i) = i**3 - 9*i**2 + 7*i + 17. Calculate o(7).
-32
Let y(j) = j**3 + 19*j**2 + 27*j + 169. Calculate y(-18).
7
Let z(q) = -7*q**3 + 2*q. What is z(-2)?
52
Let w(b) = b + 29. Determine w(-13).
16
Let k(u) = -17*u**3 + u**2 - 6*u - 8. What is k(-2)?
144
Let h(n) = -9*n**2 - 2*n + 1. Determine h(1).
-10
Let j(p) = 3*p**2 - 45*p - 22. Give j(16).
26
Let z(d) = -d**3 - 2*d**2 - d + 51. Calculate z(0).
51
Let j(s) = 2*s**3 + 33*s**2 + 20*s + 54. Determine j(-16).
-10
Let f(l) = -l**2 - 10*l - 14. Give f(-9).
-5
Let s(f) = -f**2 + 5*f. What is s(4)?
4
Let i(x) = -6*x - 2. What is i(-1)?
4
Let b(u) = -6*u**2 - 10*u + 5. What is b(-5)?
-95
Let f(v) = v**3 - v**2 - 5*v + 6. What is f(3)?
9
Let k(m) = 4*m - 29. Determine k(7).
-1
Let z(t) = -7*t + 2. Give z(-1).
9
Let z(g) = -6*g - 48. Give z(-7).
-6
Let s(x) = -x**3 + 4*x**2 + 10*x + 8. Determine s(6).
-4
Let d(i) = i**2 - 15. Give d(6).
21
Let f(m) = -5*m - 11. Calculate f(12).
-71
Let o(u) = u**3 + 10*u**2 + 7*u - 4. Determine o(-10).
-74
Let s(t) = -13*t**2 + 8*t - 12. Determine s(2).
-48
Let c(k) = k**3 - 8*k**2 + 6*k - 20. What is c(8)?
28
Let k(q) = -q**3 - 24*q**2 + 51*q + 8. Calculate k(-26).
34
Let j(o) = 7*o**2 + o - 1. Determine j(-2).
25
Let u(b) = -5*b - 196. Give u(-38).
-6
Let o(m) = m**3 + 16*m**2 + 51*m + 29. Calculate o(-12).
-7
Let q(a) = 14*a - 3. Give q(-4).
-59
Let r(z) = -z**2 + 15*z - 42. Give r(11).
2
Let r(s) = -s**2 + 24*s - 85. What is r(19)?
10
Let a(p) = p**2 + 18*p - 32. What is a(-18)?
-32
Let b(i) = -3*i**2 + 5*i + 8. Calculate b(-4).
-60
Let w(g) = 2*g**2 + g + 2. Calculate w(3).
23
Let h(i) = -i + 63. What is h(-9)?
72
Let m(c) = -c**3 - 13*c**2 + 13*c - 27. Give m(-14).
-13
Let z(f) = -f**3 + 15*f**2 - 13*f - 15. Determine z(14).
-1
Let q(g) = 36*g + 411. Give q(-11).
15
Let v(r) = -3*r + 23. Give v(7).
2
Let f(t) = t**2 - 33*t + 27. Calculate f(32).
-5
Let d(b) = -b**3 + 11*b**2 - 9*b + 13. Give d(10).
23
Let f(q) = -q**3 + 3*q**2 - 4*q - 2. Give f(2).
-6
Let p(h) = 3*h**2 - 3*h - 1. Give p(-3).
35
Let f(l) = -l**2 + 9*l + 27. Give f(11).
5
Let v(o) = o**3 - 10*o**2 + 5*o + 83. What is v(8)?
-5
Let p(s) = -7*s + 27. Determine p(9).
-36
Let i(l) = -l - 4. What is i(0)?
-4
Let s(t) = -t**2 + 11*t - 27. Determine s(7).
1
Let l(u) = u**3 - 56*u**2 - 57*u - 3. What is l(57)?
-3
Let n(q) = -7*q**3 + 3*q**2 - 4*q + 2. Calculate n(1).
-6
Let o(u) = u**2 - 33*u + 65. Determine o(2).
3
Let o(k) = -k**2 + k - 1. Give o(6).
-31
Let f(l) = 15*l + 61. Calculate f(-3).
16
Let f(u) = 18*u + 10. Calculate f(-6).
-98
Let v(g) = -g**3 - 7*g**2 - 12. Determine v(-5).
-62
Let h(n) = -n**3 - 14*n**2 - 15*n - 15. Give h(-13).
11
Let d(b) = -5*b - 3. What is d(0)?
-3
Let r(i) = i**2 - i + 9. Determine r(0).
9
Let o(j) = j - 24. Determine o(-8).
-32
Let l(r) = -2*r**3 - 3*r**2 + 6*r - 6. Determine l(2).
-22
Let s(k) = -k**3 - k**2 + 4*k + 20. Calculate s(0).
20
Let o(x) = 9*x + 1.